 - 23*s + j + 2. List the prime factors of v(-4).
2, 13
Let j = -528 - -663. What are the prime factors of j?
3, 5
Let v(s) = -52*s. Suppose 5*i = 4*i - 1. Let k be v(i). Suppose -12*t + 10*t + k = 0. List the prime factors of t.
2, 13
Let f = 14 + -12. Suppose 2 = m - 4*q - 15, f*m + q = 7. Suppose m*t - 5*v = 19 + 16, 4*t + v = 33. What are the prime factors of t?
2
Let p(f) = 3 + 1 - f + 5 + f**2. What are the prime factors of p(-6)?
3, 17
Suppose -z + 6*j - 7*j = -22, 0 = -j + 2. List the prime factors of z.
2, 5
Let v(a) = a**2 - 6*a + 1. Let p be 18/(-42) - 213/(-7). Suppose -3*z - 4*d = -2*z + 7, 3*d = 2*z - p. What are the prime factors of v(z)?
2, 7
Suppose -3*z = -6*z + 6. Let f be z + 2/2 + 1. Suppose -4*p + 3*l + 15 = 0, 17 = p + f*l - 1. List the prime factors of p.
2, 3
Let l = -23 + 12. Let b = 8 - 16. Let n = b - l. What are the prime factors of n?
3
Let a(v) = -5*v**3 - 4*v**2 - 6*v + 8. List the prime factors of a(-4).
2, 3
Let t = 33 + -26. Suppose t = 3*a - 260. What are the prime factors of a?
89
Suppose 2*i = -967 + 2997. What are the prime factors of i?
5, 7, 29
Let b be (-1)/(-10) + -136497*6/(-180). Suppose -4*p = -18*p + b. What are the prime factors of p?
5, 13
Suppose -5*i + 400 = -5*f, 0 = -5*i - 4*f + 245 + 200. What are the prime factors of i?
5, 17
Suppose 3*c - 816 = -5*u, 5*c - 540 = 3*c - 2*u. What are the prime factors of c?
3, 89
Suppose 0 = -2*p + 6*p + 2*t - 32, -2*p + 4 = -2*t. Suppose l - p = -2*l + 3*g, l + 3*g = 10. Suppose a = l, -i + 4*a = -4 + 5. What are the prime factors of i?
3, 5
Suppose -4*n - 1 = 63. Let u be 1*3*n/(-3). Suppose 3*a = 2 + u. List the prime factors of a.
2, 3
Suppose -57*o = g - 53*o - 1476, g - 1491 = -o. List the prime factors of g.
2, 11, 17
Suppose 0 = 7*z - 9*z + 1210. List the prime factors of z.
5, 11
Suppose -557 = -9*k + 703. What are the prime factors of k?
2, 5, 7
Let r(z) = -1 + 3 + 40*z + 2 - 7. Let s be r(3). Suppose 5*c = 5*m - 190 + 40, s = 4*m - 5*c. List the prime factors of m.
3, 11
Let j(t) = 10*t**2 + 101*t + 4*t**3 - 90*t - 5*t**3 - 4. List the prime factors of j(9).
2, 11
List the prime factors of (-9)/1*387/(-27).
3, 43
Let u(d) = 193*d - 191. List the prime factors of u(11).
2, 3, 7, 23
Suppose 0 = -8*u + 14*u + 30. List the prime factors of -7 - u - (-129 + 0).
127
Suppose 28 = -2*a + 12. List the prime factors of -7*(-4)/a*-8.
2, 7
Suppose -4*d + 36 = -20. Suppose 2*z = 148 - d. What are the prime factors of z?
67
Let u(p) = -19*p + 28. Let v be u(5). Let r = -20 - v. List the prime factors of r.
47
Let d = 1200 + 2448. What are the prime factors of d?
2, 3, 19
Let c = -17 + 8. Let t be c/(36/(-80)) - 2. Let b = 2 + t. List the prime factors of b.
2, 5
Let z(c) = c**3 + 7*c**2 - 8*c - 9. Let h be z(-8). Let j = 15 + h. Suppose -5*s = -d - j*s + 13, -3*d - 4*s = -37. What are the prime factors of d?
3, 5
Let m be (-578)/(-18) - (-19)/(-171). Let f be (-2)/(3 + 14/(-4)). Suppose -20 - m = -f*j. What are the prime factors of j?
13
Let d(w) = w**3 + 0*w**3 + 5*w**2 + 0 + 2 - 4*w**2. Let h be d(-2). List the prime factors of ((-24)/(-15))/(h/(-35)).
2, 7
Let n = -1907 + 4260. What are the prime factors of n?
13, 181
Let r = -13 - -11. Let w be 0 + 104 + (r - 1). Suppose q + w + 1 = 5*p, 58 = 3*p + q. What are the prime factors of p?
2, 5
Suppose 0 = 2*q + 15 + 31. Suppose 0 = -8*k + 7*k - 37. Let u = q - k. What are the prime factors of u?
2, 7
Let l = -281 + 349. List the prime factors of l.
2, 17
Let h = -3397 - -4795. List the prime factors of h.
2, 3, 233
Let p be 2 - 2 - (-1 + -6). Let b(w) = -w**3 + 5*w**2 + 2*w - 6. Let c be b(5). Suppose -16 = -2*r - c*x, -3*x = 2*r - p - 8. List the prime factors of r.
2, 3
Suppose -5*r - 2 = 4*g - 0, g + 5*r = -8. Suppose 3*l = -5*n - 2 + 6, -g*n - 17 = -5*l. What are the prime factors of (n + 7)/((-16)/(-72))?
3
Let i be 6 + 0 - (0 + 1). Suppose u - 180 = b - 3*b, 0 = -4*b + i*u + 360. What are the prime factors of b?
2, 3, 5
Let h be (-21)/(-6) - 4 - 207/(-2). List the prime factors of h - 4/(-3 - -2).
107
Let i = -11557 + 16227. List the prime factors of i.
2, 5, 467
Suppose 8*p = -10*p + 180. What are the prime factors of p?
2, 5
Suppose -41*k + 179973 = 24091. What are the prime factors of k?
2, 1901
List the prime factors of (6 - 4)*(-342)/(-9).
2, 19
List the prime factors of 86/(-129)*8895/(-2).
5, 593
Let a(r) = -45*r**3 + 2*r**2 + 2*r + 1. Let w be a(-1). Suppose 4*k - 158 = 3*s, 2*s = s - 2*k - w. Let x = -14 - s. What are the prime factors of x?
2, 3
Let r(c) = -c**2 + 14*c + 12. Let j be r(14). Suppose -14 = -3*i + 7. Suppose 2*d - i*d = -5*g + 120, -4*d = j. What are the prime factors of g?
3, 7
Let r(g) = -g**3 - g**2 + g + 11. Let i be r(0). Let t = 15 - i. Suppose 0 = -u + l + 20 + 1, -t*u - l + 69 = 0. What are the prime factors of u?
2, 3
Let o = 30 - 32. Let d(q) = 17*q**2 - 5*q - 5. What are the prime factors of d(o)?
73
Let i(y) = 33*y - 2. Suppose -2*z + 2 = -0. Let p be i(z). Suppose 3*r - p = -5*c, -5*r = 2*c + c - 73. List the prime factors of r.
17
Let i be 4 + (6 - 3) - 0. Suppose i*b = 2*b + 20. Suppose 4*c - 31 - 37 = -b*a, c + 5*a = -3. What are the prime factors of c?
2, 11
Let v(p) = -p**2 - 9*p - 9. Let l be v(-8). Let b be (15/10)/(l/(-2)). What are the prime factors of b/2*104/6?
2, 13
Let f(b) = 122*b + 1148. List the prime factors of f(9).
2, 1123
Let b(c) = c**3 - c**2 + c. Let z(x) = -4*x**3 + 5*x**2 - 7*x - 9. Let v(t) = 3*b(t) + z(t). What are the prime factors of v(-5)?
2, 3, 31
Let j(p) = p**3 + 8*p**2 - p - 4. Let d be j(-8). Suppose -4*r = -z - 1 - 4, 4*r + 28 = d*z. Let x = -7 + z. List the prime factors of x.
2
What are the prime factors of (0 - 4) + (437 - -1)?
2, 7, 31
Let f be 106/4 + (-3)/6. Let r = -44 + f. List the prime factors of (-6)/r - (-65)/3.
2, 11
Let n be 86/(-4) + (-8 - -15)/14. What are the prime factors of 4/(-3)*(-93 - n)?
2, 3
Let v(p) be the second derivative of p**4/2 - p**3/2 - 3*p**2/2 + 13*p. List the prime factors of v(-3).
2, 3, 5
Suppose -3*i = -c - 334, -5*c + 4 = -6. Let n = i - 62. List the prime factors of n.
2, 5
Let p = 1251 + -316. What are the prime factors of p?
5, 11, 17
What are the prime factors of (-48)/8*-579 - -3?
3, 19, 61
Suppose -3*k + 193 = -2*z + 17, -128 = -2*k + 4*z. What are the prime factors of (1 - k/3)*-3?
53
Let f = -289 - -1303. List the prime factors of f.
2, 3, 13
Suppose -5*x - 10 = 0, 0 = c + 3*x - 26 + 7. Suppose -s + 3*t + c = 2*t, 3*s - 2*t = 72. What are the prime factors of s?
2, 11
Suppose 10*c - 850 = 5*c. Suppose -3*l + 37 + c = 0. List the prime factors of l.
3, 23
Let x = 118 - 66. Let n = x - -20. List the prime factors of n.
2, 3
Let i be 31 - (-2)/8*-4. Let n = i - -26. What are the prime factors of n?
2, 7
Let q(u) = 2*u**3 - 3*u**2 + 6*u - 2. Let f be q(5). Let p = 334 - f. List the prime factors of p.
131
Let j = -40 + 40. Let s = 57 - j. What are the prime factors of s?
3, 19
What are the prime factors of 4 - (-4368)/4 - 0?
2, 137
Let a(x) = -23*x + 61. Let w be a(6). List the prime factors of ((-22)/w + 2608/(-14))/(-2).
3, 31
Suppose 780 = 5*w + 5*w. Let r = w - -5. List the prime factors of r.
83
Let j = -30 - -433. What are the prime factors of j?
13, 31
Let h(d) = -117*d - 68. What are the prime factors of h(-3)?
283
Suppose 16*h - 1380 = 1868. List the prime factors of h.
7, 29
Suppose -o + 5 = 2. Suppose -o*l + 3*g + 87 = 0, -6*l = -3*l - g - 89. Let f = l - 5. What are the prime factors of f?
5
Let m(y) be the first derivative of y**4/4 + 4*y**3/3 - 5*y**2 + 2*y - 11. List the prime factors of m(-5).
3
Let b be 0 - (-1727)/4 - (-1)/4. Suppose -2*r = 2*r - b. List the prime factors of r.
2, 3
Suppose -9*o + 8*o - 225 = 0. List the prime factors of (o/(-50))/((-2)/(-72)).
2, 3
Let z(h) = -h - 6. Let b be z(-6). Let q(x) = x + 32. Let k be q(b). Suppose 2*u + 4*m = 5*u - 21, k = 4*u - 4*m. List the prime factors of u.
11
Suppose 0 = 110*c - 123823 - 15327. What are the prime factors of c?
5, 11, 23
Let k = 1385 + -647. List the prime factors of k.
2, 3, 41
Suppose -9*y = 24*y - 45540. List the prime factors of y.
2, 3, 5, 23
Let j = -13 - -25. Let k = j - -9. List the prime factors of k.
3, 7
Let s = 0 - 0. Suppose s = -t + 43 + 19. Suppose -3*c + t = 17. What are the prime facto